- 71757. Calculate x(-8).
-125
Let f(i) = -6*i**3 - 4927*i**2 - 828*i - 5744. Give f(-821).
3
Let n(g) = -592*g + 4430. What is n(12)?
-2674
Let n(w) = 43*w**2 + 1102*w - 1559. Calculate n(-27).
34
Let f(t) = 9*t**2 - 4833*t + 24218. What is f(5)?
278
Let o(n) = -118*n + 40140. What is o(339)?
138
Let p(y) = 5*y**2 - 726*y - 5124. Calculate p(-7).
203
Let b(v) = -705*v**2 + 4985*v - 358. Give b(7).
-8
Let h(t) = 17409*t + 156689. Give h(-9).
8
Let x(f) = 38*f**2 - 239*f - 2325. Calculate x(-14).
8469
Let y(o) = 37439*o**2 - 2470974*o + 13. Determine y(66).
13
Let f(q) = -2*q**2 + 360*q + 352. Calculate f(-1).
-10
Let i(k) = -k**3 - 7*k**2 - 86918*k - 347672. What is i(-4)?
-48
Let y(o) = 5*o**2 + 689*o + 20893. Determine y(-45).
13
Let n(m) = 1139*m + 21363. Calculate n(-20).
-1417
Let o(f) = f**3 - 46*f**2 - 354*f + 2797. Calculate o(5).
2
Let j(y) = 4123*y + 758610. Calculate j(-184).
-22
Let k(d) = 15*d**2 - 6607*d - 10145. Determine k(442).
21
Let k(i) = 2708*i - 97628. What is k(36)?
-140
Let n(l) = -205494*l + 411057. What is n(2)?
69
Let v(i) = i**3 - 26*i**2 + 174*i + 42. Determine v(14).
126
Let g(q) = -325*q - 55624. Give g(-168).
-1024
Let c(n) = -117*n**2 - 117685*n + 17107. What is c(-1006)?
5
Let d(c) = c**2 - 973*c - 17993. What is d(-19)?
855
Let j(c) = 2842*c + 239011. What is j(-84)?
283
Let o(r) = r**3 + 365*r**2 + 1932*r + 570714. What is o(-364)?
-38
Let t(q) = 6*q**2 - 6266*q - 226637. Give t(-35).
23
Let z(j) = 5552*j + 3025843. What is z(-545)?
3
Let h(k) = 16*k**2 + 81*k - 267. Calculate h(7).
1084
Let u(l) = -110936*l - 1109488. Calculate u(-10).
-128
Let k(l) = -55*l**2 + 332*l + 25. Calculate k(5).
310
Let n(c) = 3*c**2 + 808*c - 56580. Calculate n(-327).
-9
Let j(f) = -188*f - 2084. Give j(-10).
-204
Let r(k) = -610*k - 5612. What is r(-9)?
-122
Let l(f) = 3*f**2 - 1269*f - 11481. Determine l(-9).
183
Let t(j) = j**3 + 90*j**2 + 1641*j + 396. Calculate t(-25).
-4
Let v(u) = 1500*u + 263832. What is v(-176)?
-168
Let r(x) = 6*x**3 + 54*x**2 + 173*x + 245. Calculate r(-4).
33
Let g(y) = 3309*y - 1588320. Calculate g(480).
0
Let f(q) = -q**3 - 5*q**2 + 19230*q + 38475. What is f(-2)?
3
Let d(n) = -8*n**3 + 3*n**2 - 1379*n - 4153. Give d(-3).
227
Let f(l) = -7*l**2 + 4889*l - 87717. Give f(680).
3
Let o(g) = -g**2 - 777*g - 13595. What is o(-18)?
67
Let k(l) = -175*l**2 - 150*l + 299. Give k(2).
-701
Let a(c) = c**3 + 3322*c**2 - 16637*c + 7. Give a(5).
-3
Let w(s) = 3*s**3 - 5*s**2 - 25*s - 35. Give w(6).
283
Let k(d) = -3*d**2 - 244*d - 43. Determine k(5).
-1338
Let l(x) = x**3 - 276*x**2 + 12799*x + 122. Calculate l(59).
-114
Let q(b) = 454*b**2 - 83989*b - 113. Calculate q(185).
72
Let n(a) = -563*a + 166059. What is n(295)?
-26
Let c(x) = -3*x**2 + 126507*x + 632530. Calculate c(-5).
-80
Let z(x) = -23*x**3 - 8262*x**2 - 1797*x - 669. Calculate z(-359).
49
Let u(a) = -458*a + 1335. Determine u(4).
-497
Let l(c) = 3960*c + 75260. What is l(-19)?
20
Let j(w) = w**2 - 1148*w + 113008. Determine j(109).
-243
Let m(q) = -1043*q + 466209. Give m(447).
-12
Let k(s) = -713*s + 68809. Calculate k(95).
1074
Let a(g) = 11*g**2 + 193*g + 621. Calculate a(-4).
25
Let t(b) = -2428*b - 553574. What is t(-228)?
10
Let x(f) = 3*f**3 - 4*f**2 - 13*f - 21. Calculate x(-9).
-2415
Let s(p) = -p**3 + 256*p**2 - 426*p - 20854. Determine s(254).
-26
Let i(h) = -h**2 - 6203*h + 636711. Calculate i(101).
7
Let l(m) = 748288*m - 2993209. Calculate l(4).
-57
Let k(a) = 3*a**2 - 10119*a + 261073. What is k(26)?
7
Let q(u) = -3*u**2 - 177*u - 1011. Calculate q(-58).
-837
Let h(s) = s**3 + 27*s**2 + 34*s - 1515. Calculate h(-25).
-1115
Let f(z) = -12*z**3 + 59*z**2 - 26*z + 288. Determine f(7).
-1119
Let g(i) = 4*i**2 + 129*i + 220. What is g(-22)?
-682
Let k(x) = 2819*x + 997638. Determine k(-354).
-288
Let g(q) = -1062*q - 242. What is g(0)?
-242
Let f(y) = -2*y**3 - 202*y**2 + 204*y - 1422. Determine f(-102).
-1422
Let d(h) = 7*h**3 + 178*h**2 + 922*h + 108. Give d(-7).
-25
Let w(n) = 18660*n + 55984. Give w(-3).
4
Let l(a) = 401*a - 66427. Give l(165).
-262
Let s(v) = -2*v**2 - 2282*v - 40439. Calculate s(-18).
-11
Let o(d) = -d**3 - 80*d**2 - 327*d - 1623. Calculate o(-76).
125
Let w(v) = v**3 - 95*v**2 - 92*v + 8796. Calculate w(95).
56
Let c(u) = -258*u + 72457. Calculate c(275).
1507
Let x(v) = v**3 + 200*v**2 - 39*v - 7870. Determine x(-200).
-70
Let a(f) = f**3 + 22*f**2 + 63*f + 121. What is a(-20)?
-339
Let b(l) = -425*l - 9420. What is b(-22)?
-70
Let l(v) = -28*v + 109. What is l(7)?
-87
Let n(f) = 471*f**2 - 1764*f. Determine n(4).
480
Let x(n) = 39*n + 2895. What is x(-75)?
-30
Let k(f) = -f**3 - 11*f**2 + 22*f - 198. What is k(-15)?
372
Let b(d) = -6*d**3 + 5*d**2 - 95*d + 358. Give b(4).
-326
Let n(z) = -41*z**2 + 261*z + 1057. Give n(-4).
-643
Let y(w) = 904*w - 4277. Give y(7).
2051
Let c(h) = -9*h**3 - 225*h**2 - 1409*h - 181. Determine c(-11).
72
Let r(p) = 1000*p + 68993. Give r(-69).
-7
Let j(v) = 18492*v - 5307180. Determine j(287).
24
Let c(x) = -x**3 - 206*x**2 + 3088*x - 113. Determine c(14).
-1
Let l(x) = 99183*x - 198394. Determine l(2).
-28
Let y(g) = 2*g**3 - 46*g**2 + 289*g - 294. What is y(10)?
-4
Let x(k) = 9189*k - 192625. Calculate x(21).
344
Let t(p) = 13270*p + 6037854. Calculate t(-455).
4
Let j(n) = n**2 - 675*n - 48060. What is j(-65)?
40
Let h(f) = -16*f**3 - 18*f**2 - 38*f - 21. What is h(-1)?
15
Let b(f) = f**3 + 9*f**2 + 560*f - 1620. Give b(0).
-1620
Let n(m) = -m**3 - 234*m**2 + 936*m - 3792. Determine n(-238).
16
Let o(u) = 3*u**3 + u**2 + 290*u + 287. Calculate o(-1).
-5
Let w(m) = -9*m**2 - 2214*m - 10860. What is w(-5)?
-15
Let b(f) = -f**3 - 22*f**2 - 117*f - 81. Determine b(-11).
-125
Let m(t) = 6*t**2 + 23*t + 566. Determine m(-17).
1909
Let l(o) = o**3 + 13*o**2 + 882*o + 7214. Calculate l(-8).
478
Let i(k) = -k**2 - 21530*k + 129226. Determine i(6).
10
Let d(q) = -4248*q + 21275. Determine d(5).
35
Let k(s) = -3*s**3 + 239*s**2 + 1326*s + 2904. What is k(85)?
14
Let l(x) = -1623*x - 64934. Determine l(-40).
-14
Let p(v) = 4938*v + 3155376. Determine p(-639).
-6
Let d(w) = -3*w**3 - 183*w**2 + 1257*w + 55378. Calculate d(-63).
1
Let p(v) = 40*v**3 - 679*v**2 - 41*v + 267. Give p(17).
-141
Let o(n) = 338*n + 150724. What is o(-446)?
-24
Let s(x) = 2*x**3 + 112*x**2 - 151*x - 1749. Calculate s(-57).
360
Let l(k) = -9*k**2 + 14565*k - 130358. Calculate l(9).
-2
Let r(t) = t**3 - 23*t**2 + 52*t - 992. Determine r(21).
-782
Let x(f) = 99*f - 6044. What is x(63)?
193
Let j(y) = y**3 + 111*y**2 + 71*y + 7922. Determine j(-111).
41
Let t(v) = -36*v**3 + 3*v**2 - 42*v - 84. Determine t(-2).
300
Let d(t) = -5297*t + 158860. What is d(30)?
-50
Let x(d) = 3*d**2 + d - 1230. What is x(-28)?
1094
Let u(j) = -1866*j - 147404. Calculate u(-79).
10
Let j(s) = -s**3 + 33*s**2 - 98*s + 909. What is j(31)?
-207
Let h(c) = -c**3 - 105*c**2 + 808*c + 40592. Calculate h(-109).
44
Let w(v) = 171*v + 4586. Calculate w(-19).
1337
Let o(n) = 66*n**2 + 374*n + 375. Calculate o(-1).
67
Let w(a) = 2046584*a + 4093164. What is w(-2)?
-4
Let k(a) = a**3 - 88*a**2 - 422*a + 20171. Give k(90).
-1609
Let h(w) = -277852*w - 4723484. Give h(-17).
0
Let l(k) = -4*k**3 - 84*k**2 + 27*k - 90. Calculate l(-22).
1252
Let y(d) = -d**3 + 152*d**2 + 202*d - 7488. Calculate y(153).
9
Let f(b) = -171*b**2 + 1133*b - 1373. Give f(5).
17
Let k(c) = -3*c**2 + 37279*c - 409703. Calculate k(11).
3
Let c(y) = 3*y**2 + 73*y - 2597. Calculate c(20).
63
Let f(u) = -2*u**3 - 3*u**2 + 459*u + 1814. Calculate f(-4).
58
Let n(s) = 23*s**2 + 12035*s - 48150. Calculate n(4).
358
Let g(a) = -37869*a + 454597. Give g(12).
169
Let y(f) = -20*f**2 + 159*f + 1350. Determine y(13).
37
Let b(w) = -w**3 + 34*w**2 + 208*w - 4919. Determine b(36).
-23
Let r(h) = h**3 - 50*h**2 + 489*h - 58. Give r(13).
46
Let x(c) = -c**3 + 10*c**2 - 129*c + 1535. Give x(11).
-5
Let a(w) = -w**3 + 19*w**2 - 81*w + 2768. Calculate a(21).
185
Let q(d) = d**3 + 20*d**2 - 30*d - 1388. Give q(-17).
-11
Let i(p) = -p**3 - 7*p**2 + 62*p + 85. Determine i(-9).
-311
Let p(c) = -296*c + 48788. Give p(166).
-348
Let z(r) = -2*r**2 + 954*r - 110962. Calculate z(201).
-10
Let x(v) = 4*v**3 + 444*v**2 - 1848*v - 941. Calculate x(-115).
-21
Let k(n) = 205*n**2 - 31571*n + 69. Determine 